{"id":2173,"date":"2025-03-03T22:40:09","date_gmt":"2025-03-04T05:40:09","guid":{"rendered":"https:\/\/www.jmasojinaga.gob.mx\/principal\/?page_id=2173"},"modified":"2025-03-03T22:48:10","modified_gmt":"2025-03-04T05:48:10","slug":"sevac-4to-trimestre-2024","status":"publish","type":"page","link":"https:\/\/www.jmasojinaga.gob.mx\/principal\/sevac-4to-trimestre-2024\/","title":{"rendered":"SEVAC  Cuarto trimestre 2024"},"content":{"rendered":"\n\n\n<h4>AUDITORIA SUPERIOR (SEvAC) 4to. Trimestre 2024<\/h4>\n<address>\n<table style=\"width: 100.357%; height: 920px;\">\n<tbody>\n<tr style=\"height: 23px;\">\n<td style=\"height: 23px; width: 1.18624%;\">\u00a0<\/td>\n<td style=\"height: 23px; width: 97.8648%;\">01_Estado de Actividades<\/td>\n<\/tr>\n<tr style=\"height: 23px;\">\n<td style=\"height: 23px; width: 1.18624%;\">\u00a0<\/td>\n<td style=\"height: 23px; width: 97.8648%;\">02_Estado de Situaci\u00f3n Financiera<\/td>\n<\/tr>\n<tr style=\"height: 23px;\">\n<td style=\"height: 23px; width: 1.18624%;\">\u00a0<\/td>\n<td style=\"height: 23px; width: 97.8648%;\">03_Estado de Variaci\u00f3n en la Hacienda P\u00fablica<\/td>\n<\/tr>\n<tr style=\"height: 23px;\">\n<td style=\"height: 23px; width: 1.18624%;\">\u00a0<\/td>\n<td style=\"height: 23px; width: 97.8648%;\">04_Estado de Cambios en la Situaci\u00f3n Financiera<\/td>\n<\/tr>\n<tr style=\"height: 23px;\">\n<td style=\"height: 23px; width: 1.18624%;\">\u00a0<\/td>\n<td style=\"height: 23px; width: 97.8648%;\">05_Estado de Flujos de Efectivo<\/td>\n<\/tr>\n<tr style=\"height: 23px;\">\n<td style=\"height: 23px; width: 1.18624%;\">\u00a0<\/td>\n<td style=\"height: 23px; width: 97.8648%;\">06 Informe sobre pasivos contingentes<\/td>\n<\/tr>\n<tr style=\"height: 23px;\">\n<td style=\"height: 23px; width: 1.18624%;\">\u00a0<\/td>\n<td style=\"height: 23px; width: 97.8648%;\">\n<div id=\"edit-filelist\" class=\"dispfile dispfileContainer\">07_Notas de Desglose<\/div>\n<\/td>\n<\/tr>\n<tr style=\"height: 23px;\">\n<td style=\"height: 23px; width: 1.18624%;\">\u00a0<\/td>\n<td style=\"height: 23px; width: 97.8648%;\">\n<div id=\"edit-filelist\" class=\"dispfile dispfileContainer\">08_Notas de Memoria (Cuentas de Orden)<\/div>\n<\/td>\n<\/tr>\n<tr style=\"height: 23px;\">\n<td style=\"height: 23px; width: 1.18624%;\">\u00a0<\/td>\n<td style=\"height: 23px; width: 97.8648%;\">09_Notas de Gesti\u00f3n Administrativa<\/td>\n<\/tr>\n<tr style=\"height: 23px;\">\n<td style=\"height: 23px; width: 1.18624%;\">\u00a0<\/td>\n<td style=\"height: 23px; width: 97.8648%;\">10_Estado Anal\u00edtico del Activo<\/td>\n<\/tr>\n<tr style=\"height: 23px;\">\n<td style=\"height: 23px; width: 1.18624%;\">\u00a0<\/td>\n<td style=\"height: 23px; width: 97.8648%;\">11_Estado Anal\u00edtico de la Deuda y Otros Pasivos<\/td>\n<\/tr>\n<tr style=\"height: 23px;\">\n<td style=\"height: 23px; width: 1.18624%;\">\u00a0<\/td>\n<td style=\"height: 23px; width: 97.8648%;\">13_Estado Anal\u00edtico de Ingresos (Rubro de Ingresos)<\/td>\n<\/tr>\n<tr style=\"height: 23px;\">\n<td style=\"height: 23px; width: 1.18624%;\">\u00a0<\/td>\n<td style=\"height: 23px; width: 97.8648%;\">14_Estado Anal\u00edtico de Ingresos por Fuente de Financiamiento<\/td>\n<\/tr>\n<tr style=\"height: 23px;\">\n<td style=\"height: 23px; width: 1.18624%;\">\u00a0<\/td>\n<td style=\"height: 23px; width: 97.8648%;\">15_Estado Anal\u00edtico de Ingresos por Clasificaci\u00f3n Econ\u00f3mica<\/td>\n<\/tr>\n<tr style=\"height: 23px;\">\n<td style=\"height: 23px; width: 1.18624%;\">\u00a0<\/td>\n<td style=\"height: 23px; width: 97.8648%;\">16_EAEPE \u2013 Clasificaci\u00f3n Administrativa por Dependencia<\/td>\n<\/tr>\n<tr style=\"height: 23px;\">\n<td style=\"height: 23px; width: 1.18624%;\">\u00a0<\/td>\n<td style=\"height: 23px; width: 97.8648%;\">19_EAEPE \u2013 Clasificaci\u00f3n Econ\u00f3mica (por Tipo de Gasto)<\/td>\n<\/tr>\n<tr style=\"height: 23px;\">\n<td style=\"height: 23px; width: 1.18624%;\">\u00a0<\/td>\n<td style=\"height: 23px; width: 97.8648%;\">20_EAEPE \u2013 Clasificaci\u00f3n por Objeto del Gasto (Cap\u00edtulo y Concepto)<\/td>\n<\/tr>\n<tr style=\"height: 23px;\">\n<td style=\"height: 23px; width: 1.18624%;\">\u00a0<\/td>\n<td style=\"height: 23px; width: 97.8648%;\">21_EAEPE \u2013 Clasificaci\u00f3n Funcional (Finalidad y Funci\u00f3n)<\/td>\n<\/tr>\n<tr style=\"height: 23px;\">\n<td style=\"height: 23px; width: 1.18624%;\">\u00a0<\/td>\n<td style=\"height: 23px; width: 97.8648%;\">22_Endeudamiento Neto<\/td>\n<\/tr>\n<tr style=\"height: 23px;\">\n<td style=\"height: 23px; width: 1.18624%;\">\u00a0<\/td>\n<td style=\"height: 23px; width: 97.8648%;\">23_Intereses de la Deuda<\/td>\n<\/tr>\n<tr style=\"height: 23px;\">\n<td style=\"height: 23px; width: 1.18624%;\">\u00a0<\/td>\n<td style=\"height: 23px; width: 97.8648%;\">24_Flujo de Fondos<\/td>\n<\/tr>\n<tr style=\"height: 23px;\">\n<td style=\"height: 23px; width: 1.18624%;\">\u00a0<\/td>\n<td style=\"height: 23px; width: 97.8648%;\">25_Gasto por Categor\u00eda Program\u00e1tica<\/td>\n<\/tr>\n<tr style=\"height: 23px;\">\n<td style=\"width: 1.18624%; height: 23px;\">\u00a0<\/td>\n<td style=\"width: 97.8648%; height: 23px;\">28_Relaci\u00f3n de Bienes Muebles<\/td>\n<\/tr>\n<tr style=\"height: 23px;\">\n<td style=\"width: 1.18624%; height: 23px;\">\u00a0<\/td>\n<td style=\"width: 97.8648%; height: 23px;\">29_Relaci\u00f3n de Bienes Inmuebles<\/td>\n<\/tr>\n<tr style=\"height: 23px;\">\n<td style=\"width: 1.18624%; height: 23px;\">\u00a0<\/td>\n<td style=\"width: 97.8648%; height: 23px;\">36_Estado de Situaci\u00f3n Financiera Detallado \u2013 LDF<\/td>\n<\/tr>\n<tr style=\"height: 23px;\">\n<td style=\"width: 1.18624%; height: 23px;\">\u00a0<\/td>\n<td style=\"width: 97.8648%; height: 23px;\">37_Informe Anal\u00edtico de la Deuda P\u00fablica y Otros Pasivos \u2013 LDF<\/td>\n<\/tr>\n<tr style=\"height: 23px;\">\n<td style=\"width: 1.18624%; height: 23px;\">\u00a0<\/td>\n<td style=\"width: 97.8648%; height: 23px;\">38 Inf. Analit obli fin<\/td>\n<\/tr>\n<tr style=\"height: 23px;\">\n<td style=\"width: 1.18624%; height: 23px;\">\u00a0<\/td>\n<td style=\"width: 97.8648%; height: 23px;\">39_Balance Presupuestario \u2013 LDF<\/td>\n<\/tr>\n<tr style=\"height: 23px;\">\n<td style=\"width: 1.18624%; height: 23px;\">\u00a0<\/td>\n<td style=\"width: 97.8648%; height: 23px;\">40_Estado Anal\u00edtico de Ingresos Detallado \u2013 LDF<\/td>\n<\/tr>\n<tr style=\"height: 23px;\">\n<td style=\"width: 1.18624%; height: 23px;\">\u00a0<\/td>\n<td style=\"width: 97.8648%; height: 23px;\">41_Estado Anal\u00edtico Ejercicio Presupuesto Egresos Detallado \u2013 COG<\/td>\n<\/tr>\n<tr style=\"height: 23px;\">\n<td style=\"width: 1.18624%; height: 23px;\">\u00a0<\/td>\n<td style=\"width: 97.8648%; height: 23px;\">42_Estado Anal\u00edtico Ejercio Presupuesto Egresos Detallado \u2013 CA<\/td>\n<\/tr>\n<tr style=\"height: 23px;\">\n<td style=\"width: 1.18624%; height: 23px;\">\u00a0<\/td>\n<td style=\"width: 97.8648%; height: 23px;\">43_Estado Anal\u00edtico Ejercio Presupuesto Egresos Detallado \u2013 CF<\/td>\n<\/tr>\n<tr style=\"height: 23px;\">\n<td style=\"width: 1.18624%; height: 23px;\">\u00a0<\/td>\n<td style=\"width: 97.8648%; height: 23px;\">44_Estado Anal\u00edtico Ejercio Presupuesto Egresos Detallado \u2013 SP<\/td>\n<\/tr>\n<tr style=\"height: 23px;\">\n<td style=\"width: 1.18624%; height: 23px;\">\u00a0<\/td>\n<td style=\"width: 97.8648%; height: 23px;\">48 Recaudaci\u00f3n de Derechos por Suministro de Agua<\/td>\n<\/tr>\n<tr style=\"height: 23px;\">\n<td style=\"width: 1.18624%; height: 23px;\">\u00a0<\/td>\n<td style=\"width: 97.8648%; height: 23px;\">OFICIO PRESENTACION<\/td>\n<\/tr>\n<tr style=\"height: 23px;\">\n<td style=\"width: 1.18624%; height: 23px;\">\u00a0<\/td>\n<td style=\"width: 97.8648%; height: 23px;\">BALANZA OCT DIC 2024<\/td>\n<\/tr>\n<tr style=\"height: 23px;\">\n<td style=\"width: 1.18624%; height: 23px;\">\u00a0<\/td>\n<td style=\"width: 97.8648%; height: 23px;\">AUX CUENTAS<\/td>\n<\/tr>\n<tr style=\"height: 23px;\">\n<td style=\"width: 1.18624%; height: 23px;\">\u00a0<\/td>\n<td style=\"width: 97.8648%; height: 23px;\">Formato \u00danico Obras y Adquisiciones<\/td>\n<\/tr>\n<tr style=\"height: 23px;\">\n<td style=\"width: 1.18624%; height: 23px;\">\u00a0<\/td>\n<td style=\"width: 97.8648%; height: 23px;\">Indicadores2024<\/td>\n<\/tr>\n<tr style=\"height: 23px;\">\n<td style=\"width: 1.18624%; height: 23px;\">\u00a0<\/td>\n<td style=\"width: 97.8648%; height: 23px;\"><a href=\"https:\/\/app.box.com\/s\/i9b9nkynqcwpgoia8ljl41b0i81agqqh\" target=\"_blank\" rel=\"noopener\">AYUDAS SOCIALES 2024<\/a><\/td>\n<\/tr>\n<\/tbody>\n<\/table>\n<p>\u00a0<\/p>\n<\/address>\n","protected":false},"excerpt":{"rendered":"<p>AUDITORIA SUPERIOR (SEvAC) 4to. Trimestre 2024 \u00a0 01_Estado de Actividades \u00a0 02_Estado de Situaci\u00f3n Financiera \u00a0 03_Estado de Variaci\u00f3n en la Hacienda P\u00fablica \u00a0 04_Estado de Cambios en la Situaci\u00f3n Financiera \u00a0 05_Estado de Flujos de Efectivo \u00a0 06 Informe sobre pasivos contingentes \u00a0 07_Notas de Desglose \u00a0 08_Notas de Memoria (Cuentas de Orden) \u00a0 [&hellip;]<\/p>\n","protected":false},"author":1,"featured_media":0,"parent":0,"menu_order":0,"comment_status":"closed","ping_status":"closed","template":"","meta":[],"_links":{"self":[{"href":"https:\/\/www.jmasojinaga.gob.mx\/principal\/wp-json\/wp\/v2\/pages\/2173"}],"collection":[{"href":"https:\/\/www.jmasojinaga.gob.mx\/principal\/wp-json\/wp\/v2\/pages"}],"about":[{"href":"https:\/\/www.jmasojinaga.gob.mx\/principal\/wp-json\/wp\/v2\/types\/page"}],"author":[{"embeddable":true,"href":"https:\/\/www.jmasojinaga.gob.mx\/principal\/wp-json\/wp\/v2\/users\/1"}],"replies":[{"embeddable":true,"href":"https:\/\/www.jmasojinaga.gob.mx\/principal\/wp-json\/wp\/v2\/comments?post=2173"}],"version-history":[{"count":4,"href":"https:\/\/www.jmasojinaga.gob.mx\/principal\/wp-json\/wp\/v2\/pages\/2173\/revisions"}],"predecessor-version":[{"id":2218,"href":"https:\/\/www.jmasojinaga.gob.mx\/principal\/wp-json\/wp\/v2\/pages\/2173\/revisions\/2218"}],"wp:attachment":[{"href":"https:\/\/www.jmasojinaga.gob.mx\/principal\/wp-json\/wp\/v2\/media?parent=2173"}],"curies":[{"name":"wp","href":"https:\/\/api.w.org\/{rel}","templated":true}]}}