{"id":2097,"date":"2024-08-16T06:37:33","date_gmt":"2024-08-16T13:37:33","guid":{"rendered":"https:\/\/www.jmasojinaga.gob.mx\/principal\/?page_id=2097"},"modified":"2024-08-16T10:38:31","modified_gmt":"2024-08-16T17:38:31","slug":"sevac-segundo-trimestre-2024","status":"publish","type":"page","link":"https:\/\/www.jmasojinaga.gob.mx\/principal\/sevac-segundo-trimestre-2024\/","title":{"rendered":"SEVAC Segundo trimestre 2024"},"content":{"rendered":"\n<h4>AUDITORIA SUPERIOR (SEvAC) 2do. Trimestre 2024<\/h4>\n<address>\n<table style=\"width: 100.357%; height: 920px;\">\n<tbody>\n<tr style=\"height: 23px;\">\n<td style=\"height: 23px; width: 1.18624%;\">\u00a0<\/td>\n<td style=\"height: 23px; width: 97.8648%;\"><a href=\"https:\/\/app.box.com\/s\/almxgkp45nljjkjzx8grh1dnauwkb53z\" target=\"_blank\" rel=\"noopener\">01_Estado de Actividades<\/a><\/td>\n<\/tr>\n<tr style=\"height: 23px;\">\n<td style=\"height: 23px; width: 1.18624%;\">\u00a0<\/td>\n<td style=\"height: 23px; width: 97.8648%;\"><a href=\"https:\/\/app.box.com\/s\/5b2px44xbbtjbgbch93bwps56gchdqfn\" target=\"_blank\" rel=\"noopener\">02_Estado de Situaci\u00f3n Financiera<\/a><\/td>\n<\/tr>\n<tr style=\"height: 23px;\">\n<td style=\"height: 23px; width: 1.18624%;\">\u00a0<\/td>\n<td style=\"height: 23px; width: 97.8648%;\"><a href=\"https:\/\/app.box.com\/s\/aj98omsrtx5e81tyi247qgf5jg47o6vh\" target=\"_blank\" rel=\"noopener\">03_Estado de Variaci\u00f3n en la Hacienda P\u00fablica<\/a><\/td>\n<\/tr>\n<tr style=\"height: 23px;\">\n<td style=\"height: 23px; width: 1.18624%;\">\u00a0<\/td>\n<td style=\"height: 23px; width: 97.8648%;\"><a href=\"https:\/\/app.box.com\/s\/pypf83muyokgzxeyd6usj6laxv193zy7\" target=\"_blank\" rel=\"noopener\">04_Estado de Cambios en la Situaci\u00f3n Financiera<\/a><\/td>\n<\/tr>\n<tr style=\"height: 23px;\">\n<td style=\"height: 23px; width: 1.18624%;\">\u00a0<\/td>\n<td style=\"height: 23px; width: 97.8648%;\"><a href=\"https:\/\/app.box.com\/s\/tuvkq7l53goyq2wh949x2vh3auz24r1u\" target=\"_blank\" rel=\"noopener\">05_Estado de Flujos de Efectivo<\/a><\/td>\n<\/tr>\n<tr style=\"height: 23px;\">\n<td style=\"height: 23px; width: 1.18624%;\">\u00a0<\/td>\n<td style=\"height: 23px; width: 97.8648%;\"><a href=\"https:\/\/app.box.com\/s\/di6lrsv2jnxxnl3u9hlz8ciwe6mgdpbz\" target=\"_blank\" rel=\"noopener\">06 Informe sobre pasivos contingentes<\/a><\/td>\n<\/tr>\n<tr style=\"height: 23px;\">\n<td style=\"height: 23px; width: 1.18624%;\">\u00a0<\/td>\n<td style=\"height: 23px; width: 97.8648%;\">\n<div id=\"edit-filelist\" class=\"dispfile dispfileContainer\"><a href=\"https:\/\/app.box.com\/s\/nv185ipz1jbsyr1dxphchhdkfbro1spc\" target=\"_blank\" rel=\"noopener\">07_Notas de Desglose<\/a><\/div>\n<\/td>\n<\/tr>\n<tr style=\"height: 23px;\">\n<td style=\"height: 23px; width: 1.18624%;\">\u00a0<\/td>\n<td style=\"height: 23px; width: 97.8648%;\">\n<div id=\"edit-filelist\" class=\"dispfile dispfileContainer\"><a href=\"https:\/\/app.box.com\/s\/13trysrn6jx0g8pxttqndocl7fo0tsyo\" target=\"_blank\" rel=\"noopener\">08_Notas de Memoria (Cuentas de Orden)<\/a><\/div>\n<\/td>\n<\/tr>\n<tr style=\"height: 23px;\">\n<td style=\"height: 23px; width: 1.18624%;\">\u00a0<\/td>\n<td style=\"height: 23px; width: 97.8648%;\"><a href=\"https:\/\/app.box.com\/s\/usr5vwueccmosreq4ikch0kz8ujeqgaf\" target=\"_blank\" rel=\"noopener\">09_Notas de Gesti\u00f3n Administrativa<\/a><\/td>\n<\/tr>\n<tr style=\"height: 23px;\">\n<td style=\"height: 23px; width: 1.18624%;\">\u00a0<\/td>\n<td style=\"height: 23px; width: 97.8648%;\"><a href=\"https:\/\/app.box.com\/s\/7f5ewkkiezss2rzuiqicx2jx8fx3j4j9\" target=\"_blank\" rel=\"noopener\">10_Estado Anal\u00edtico del Activo<\/a><\/td>\n<\/tr>\n<tr style=\"height: 23px;\">\n<td style=\"height: 23px; width: 1.18624%;\">\u00a0<\/td>\n<td style=\"height: 23px; width: 97.8648%;\"><a href=\"https:\/\/app.box.com\/s\/4f1my67yn4p4wkkrllmdtg9hxx76sgwe\" target=\"_blank\" rel=\"noopener\">11_Estado Anal\u00edtico de la Deuda y Otros Pasivos<\/a><\/td>\n<\/tr>\n<tr style=\"height: 23px;\">\n<td style=\"height: 23px; width: 1.18624%;\">\u00a0<\/td>\n<td style=\"height: 23px; width: 97.8648%;\"><a href=\"https:\/\/app.box.com\/s\/otgstf97bfp1zbzufn3p274jecnbundd\" target=\"_blank\" rel=\"noopener\">13_Estado Anal\u00edtico de Ingresos (Rubro de Ingresos)<\/a><\/td>\n<\/tr>\n<tr style=\"height: 23px;\">\n<td style=\"height: 23px; width: 1.18624%;\">\u00a0<\/td>\n<td style=\"height: 23px; width: 97.8648%;\"><a href=\"https:\/\/app.box.com\/s\/kmebgsrbzqfqkpm4x63lunzml2iairsp\" target=\"_blank\" rel=\"noopener\">14_Estado Anal\u00edtico de Ingresos por Fuente de Financiamiento<\/a><\/td>\n<\/tr>\n<tr style=\"height: 23px;\">\n<td style=\"height: 23px; width: 1.18624%;\">\u00a0<\/td>\n<td style=\"height: 23px; width: 97.8648%;\"><a href=\"https:\/\/app.box.com\/s\/uji0czlafsj6d08n5cbijuh4vpx6dw9b\" target=\"_blank\" rel=\"noopener\">15_Estado Anal\u00edtico de Ingresos por Clasificaci\u00f3n Econ\u00f3mica<\/a><\/td>\n<\/tr>\n<tr style=\"height: 23px;\">\n<td style=\"height: 23px; width: 1.18624%;\">\u00a0<\/td>\n<td style=\"height: 23px; width: 97.8648%;\"><a href=\"https:\/\/app.box.com\/s\/w8ubo34royp7nsnpuu80xfjt2bdcx87x\" target=\"_blank\" rel=\"noopener\">16_EAEPE \u2013 Clasificaci\u00f3n Administrativa por Dependencia<\/a><\/td>\n<\/tr>\n<tr style=\"height: 23px;\">\n<td style=\"height: 23px; width: 1.18624%;\">\u00a0<\/td>\n<td style=\"height: 23px; width: 97.8648%;\"><a href=\"https:\/\/app.box.com\/s\/0u88f4976p77bjyjiv86ibhto6pzh367\" target=\"_blank\" rel=\"noopener\">19_EAEPE \u2013 Clasificaci\u00f3n Econ\u00f3mica (por Tipo de Gasto)<\/a><\/td>\n<\/tr>\n<tr style=\"height: 23px;\">\n<td style=\"height: 23px; width: 1.18624%;\">\u00a0<\/td>\n<td style=\"height: 23px; width: 97.8648%;\"><a href=\"https:\/\/app.box.com\/s\/u6rl6eroedf9gw9z7unp8hok43a2yolq\" target=\"_blank\" rel=\"noopener\">20_EAEPE \u2013 Clasificaci\u00f3n por Objeto del Gasto (Cap\u00edtulo y Concepto)<\/a><\/td>\n<\/tr>\n<tr style=\"height: 23px;\">\n<td style=\"height: 23px; width: 1.18624%;\">\u00a0<\/td>\n<td style=\"height: 23px; width: 97.8648%;\"><a href=\"https:\/\/app.box.com\/s\/7x71f7hmw74o9qfsusus9bcrx3czq4sl\" target=\"_blank\" rel=\"noopener\">21_EAEPE \u2013 Clasificaci\u00f3n Funcional (Finalidad y Funci\u00f3n)<\/a><\/td>\n<\/tr>\n<tr style=\"height: 23px;\">\n<td style=\"height: 23px; width: 1.18624%;\">\u00a0<\/td>\n<td style=\"height: 23px; width: 97.8648%;\"><a href=\"https:\/\/app.box.com\/s\/h6jmjc34pansfkik0jseqwmv9nsle0vf\" target=\"_blank\" rel=\"noopener\">22_Endeudamiento Neto<\/a><\/td>\n<\/tr>\n<tr style=\"height: 23px;\">\n<td style=\"height: 23px; width: 1.18624%;\">\u00a0<\/td>\n<td style=\"height: 23px; width: 97.8648%;\"><a href=\"https:\/\/app.box.com\/s\/ozdyo7bgdg3ypnd9qpo7jy2lgpjcx9mu\" target=\"_blank\" rel=\"noopener\">23_Intereses de la Deuda<\/a><\/td>\n<\/tr>\n<tr style=\"height: 23px;\">\n<td style=\"height: 23px; width: 1.18624%;\">\u00a0<\/td>\n<td style=\"height: 23px; width: 97.8648%;\"><a href=\"https:\/\/app.box.com\/s\/8m3y54imarpl9tiqquraeevdy195cvqj\" target=\"_blank\" rel=\"noopener\">24_Flujo de Fondos<\/a><\/td>\n<\/tr>\n<tr style=\"height: 23px;\">\n<td style=\"height: 23px; width: 1.18624%;\">\u00a0<\/td>\n<td style=\"height: 23px; width: 97.8648%;\"><a href=\"https:\/\/app.box.com\/s\/c4i6c6zvwrmbmxasvljm5x02r8h2y5rb\" target=\"_blank\" rel=\"noopener\">25_Gasto por Categor\u00eda Program\u00e1tica<\/a><\/td>\n<\/tr>\n<tr style=\"height: 23px;\">\n<td style=\"width: 1.18624%; height: 23px;\">\u00a0<\/td>\n<td style=\"width: 97.8648%; height: 23px;\"><a href=\"https:\/\/app.box.com\/s\/ke7vux7g0ac13o1pjc96h9g3gjjgs0nt\" target=\"_blank\" rel=\"noopener\">28_Relaci\u00f3n de Bienes Muebles<\/a><\/td>\n<\/tr>\n<tr style=\"height: 23px;\">\n<td style=\"width: 1.18624%; height: 23px;\">\u00a0<\/td>\n<td style=\"width: 97.8648%; height: 23px;\"><a href=\"https:\/\/app.box.com\/s\/skoratrhti26glsi6w9zm7pghh040478\" target=\"_blank\" rel=\"noopener\">29_Relaci\u00f3n de Bienes Inmuebles<\/a><\/td>\n<\/tr>\n<tr style=\"height: 23px;\">\n<td style=\"width: 1.18624%; height: 23px;\">\u00a0<\/td>\n<td style=\"width: 97.8648%; height: 23px;\"><a href=\"https:\/\/app.box.com\/s\/odv8io0m0aq5ke6k0ka3h7xms8ejom41\" target=\"_blank\" rel=\"noopener\">36_Estado de Situaci\u00f3n Financiera Detallado \u2013 LDF<\/a><\/td>\n<\/tr>\n<tr style=\"height: 23px;\">\n<td style=\"width: 1.18624%; height: 23px;\">\u00a0<\/td>\n<td style=\"width: 97.8648%; height: 23px;\"><a href=\"https:\/\/app.box.com\/s\/e48c7kiknhy7hy90qjbfv1gxr6m53uzl\" target=\"_blank\" rel=\"noopener\">37_Informe Anal\u00edtico de la Deuda P\u00fablica y Otros Pasivos \u2013 LDF<\/a><\/td>\n<\/tr>\n<tr style=\"height: 23px;\">\n<td style=\"width: 1.18624%; height: 23px;\">\u00a0<\/td>\n<td style=\"width: 97.8648%; height: 23px;\"><a href=\"https:\/\/app.box.com\/s\/1wxy9x1jq6w92fsqv43zwyomc911s49j\" target=\"_blank\" rel=\"noopener\">38 Inf. Analit obli fin<\/a><\/td>\n<\/tr>\n<tr style=\"height: 23px;\">\n<td style=\"width: 1.18624%; height: 23px;\">\u00a0<\/td>\n<td style=\"width: 97.8648%; height: 23px;\"><a href=\"https:\/\/app.box.com\/s\/bmz4soiudxgi6u7e40loyu4e9pdkt0n2\" target=\"_blank\" rel=\"noopener\">39_Balance Presupuestario \u2013 LDF<\/a><\/td>\n<\/tr>\n<tr style=\"height: 23px;\">\n<td style=\"width: 1.18624%; height: 23px;\">\u00a0<\/td>\n<td style=\"width: 97.8648%; height: 23px;\"><a href=\"https:\/\/app.box.com\/s\/pki70z535hli7e5kzm4mt7yl0gfckzzn\" target=\"_blank\" rel=\"noopener\">40_Estado Anal\u00edtico de Ingresos Detallado \u2013 LDF<\/a><\/td>\n<\/tr>\n<tr style=\"height: 23px;\">\n<td style=\"width: 1.18624%; height: 23px;\">\u00a0<\/td>\n<td style=\"width: 97.8648%; height: 23px;\"><a href=\"https:\/\/app.box.com\/s\/07e2ox9u8m98dzk8batyi4rs0imhq56n\" target=\"_blank\" rel=\"noopener\">41_Estado Anal\u00edtico Ejercicio Presupuesto Egresos Detallado \u2013 COG<\/a><\/td>\n<\/tr>\n<tr style=\"height: 23px;\">\n<td style=\"width: 1.18624%; height: 23px;\">\u00a0<\/td>\n<td style=\"width: 97.8648%; height: 23px;\"><a href=\"https:\/\/app.box.com\/s\/43ol6mpmy9zmb6pceza8rf32sk9ha03j\" target=\"_blank\" rel=\"noopener\">42_Estado Anal\u00edtico Ejercio Presupuesto Egresos Detallado \u2013 CA<\/a><\/td>\n<\/tr>\n<tr style=\"height: 23px;\">\n<td style=\"width: 1.18624%; height: 23px;\">\u00a0<\/td>\n<td style=\"width: 97.8648%; height: 23px;\"><a href=\"https:\/\/app.box.com\/s\/pysguvad3dbx3ssrczyoicxupkcsd250\" target=\"_blank\" rel=\"noopener\">43_Estado Anal\u00edtico Ejercio Presupuesto Egresos Detallado \u2013 CF<\/a><\/td>\n<\/tr>\n<tr style=\"height: 23px;\">\n<td style=\"width: 1.18624%; height: 23px;\">\u00a0<\/td>\n<td style=\"width: 97.8648%; height: 23px;\"><a href=\"https:\/\/app.box.com\/s\/9lbuaf32amexu1rqfeaowtrbb91njeal\" target=\"_blank\" rel=\"noopener\">44_Estado Anal\u00edtico Ejercio Presupuesto Egresos Detallado \u2013 SP<\/a><\/td>\n<\/tr>\n<tr style=\"height: 23px;\">\n<td style=\"width: 1.18624%; height: 23px;\">\u00a0<\/td>\n<td style=\"width: 97.8648%; height: 23px;\"><a href=\"https:\/\/app.box.com\/s\/4krqn5h9mfiwgy1ydlumjjm1engype55\" target=\"_blank\" rel=\"noopener\">48 Recaudaci\u00f3n de Derechos por Suministro de Agua<\/a><\/td>\n<\/tr>\n<tr style=\"height: 23px;\">\n<td style=\"width: 1.18624%; height: 23px;\">\u00a0<\/td>\n<td style=\"width: 97.8648%; height: 23px;\"><a href=\"https:\/\/app.box.com\/s\/ggmz7xrd9ff83k3nj5yucv4pe420kgqk\" target=\"_blank\" rel=\"noopener\">BALANZA COMPROBACION 2do TRIM<\/a><\/td>\n<\/tr>\n<tr style=\"height: 23px;\">\n<td style=\"width: 1.18624%; height: 23px;\">\u00a0<\/td>\n<td style=\"width: 97.8648%; height: 23px;\"><a href=\"https:\/\/app.box.com\/s\/mzbsqfzulymm0q98r2hbwv98jluw6req\" target=\"_blank\" rel=\"noopener\">Formato \u00danico Obras y Adquisiciones<\/a><\/td>\n<\/tr>\n<tr style=\"height: 23px;\">\n<td style=\"width: 1.18624%; height: 23px;\">\u00a0<\/td>\n<td style=\"width: 97.8648%; height: 23px;\"><a href=\"https:\/\/app.box.com\/s\/c8sw2l5albloghvg3fdi7jtlf9g9tcyi\" target=\"_blank\" rel=\"noopener\">Libro Mayor<\/a><\/td>\n<\/tr>\n<tr style=\"height: 23px;\">\n<td style=\"width: 1.18624%; height: 23px;\">\u00a0<\/td>\n<td style=\"width: 97.8648%; height: 23px;\"><a href=\"https:\/\/app.box.com\/s\/ylt9cgj4yigw6sqdpbef0fo3e7oq9oi8\" target=\"_blank\" rel=\"noopener\">Ayudas sociales 2024<\/a><\/td>\n<\/tr>\n<tr style=\"height: 23px;\">\n<td style=\"width: 1.18624%; height: 23px;\">\u00a0<\/td>\n<td style=\"width: 97.8648%; height: 23px;\"><a href=\"https:\/\/app.box.com\/s\/kgm5a5s2o4w222jq5bznqwkxlqujjb9p\" target=\"_blank\" rel=\"noopener\">Programas y proyectos de inversi\u00f3n<\/a><\/td>\n<\/tr>\n<tr style=\"height: 23px;\">\n<td style=\"width: 1.18624%; height: 23px;\">\u00a0<\/td>\n<td style=\"width: 97.8648%; height: 23px;\"><a href=\"https:\/\/app.box.com\/s\/2zflqc1usbe0oft0udh0dco9t5f3vyc9\" target=\"_blank\" rel=\"noopener\">Indicadores de inter\u00e9s 2024<\/a><\/td>\n<\/tr>\n<\/tbody>\n<\/table>\n<p>\u00a0<\/p>\n<\/address>\n<p>\u00a0<\/p>\n","protected":false},"excerpt":{"rendered":"<p>AUDITORIA SUPERIOR (SEvAC) 2do. Trimestre 2024 \u00a0 01_Estado de Actividades \u00a0 02_Estado de Situaci\u00f3n Financiera \u00a0 03_Estado de Variaci\u00f3n en la Hacienda P\u00fablica \u00a0 04_Estado de Cambios en la Situaci\u00f3n Financiera \u00a0 05_Estado de Flujos de Efectivo \u00a0 06 Informe sobre pasivos contingentes \u00a0 07_Notas de Desglose \u00a0 08_Notas de Memoria (Cuentas de Orden) \u00a0 [&hellip;]<\/p>\n","protected":false},"author":1,"featured_media":0,"parent":0,"menu_order":0,"comment_status":"closed","ping_status":"closed","template":"","meta":[],"_links":{"self":[{"href":"https:\/\/www.jmasojinaga.gob.mx\/principal\/wp-json\/wp\/v2\/pages\/2097"}],"collection":[{"href":"https:\/\/www.jmasojinaga.gob.mx\/principal\/wp-json\/wp\/v2\/pages"}],"about":[{"href":"https:\/\/www.jmasojinaga.gob.mx\/principal\/wp-json\/wp\/v2\/types\/page"}],"author":[{"embeddable":true,"href":"https:\/\/www.jmasojinaga.gob.mx\/principal\/wp-json\/wp\/v2\/users\/1"}],"replies":[{"embeddable":true,"href":"https:\/\/www.jmasojinaga.gob.mx\/principal\/wp-json\/wp\/v2\/comments?post=2097"}],"version-history":[{"count":17,"href":"https:\/\/www.jmasojinaga.gob.mx\/principal\/wp-json\/wp\/v2\/pages\/2097\/revisions"}],"predecessor-version":[{"id":2118,"href":"https:\/\/www.jmasojinaga.gob.mx\/principal\/wp-json\/wp\/v2\/pages\/2097\/revisions\/2118"}],"wp:attachment":[{"href":"https:\/\/www.jmasojinaga.gob.mx\/principal\/wp-json\/wp\/v2\/media?parent=2097"}],"curies":[{"name":"wp","href":"https:\/\/api.w.org\/{rel}","templated":true}]}}