{"id":2056,"date":"2024-05-07T11:16:00","date_gmt":"2024-05-07T18:16:00","guid":{"rendered":"https:\/\/www.jmasojinaga.gob.mx\/principal\/?page_id=2056"},"modified":"2024-06-07T08:51:47","modified_gmt":"2024-06-07T15:51:47","slug":"sevac-primer-trimestre-2024","status":"publish","type":"page","link":"https:\/\/www.jmasojinaga.gob.mx\/principal\/sevac-primer-trimestre-2024\/","title":{"rendered":"SEVAC Primer Trimestre 2024"},"content":{"rendered":"\n\n\n<p>\u00a0<\/p>\n<h4>AUDITORIA SUPERIOR (SEvAC) 1er. Trimestre 2024<\/h4>\n<address>\n<table style=\"width: 100.357%; height: 966px;\">\n<tbody>\n<tr style=\"height: 23px;\">\n<td style=\"height: 23px; width: 1.18624%;\">\u00a0<\/td>\n<td style=\"height: 23px; width: 98.2185%;\"><a href=\"https:\/\/app.box.com\/s\/o9g3aojkpiqs634adjc9ykcew4z64a05\" target=\"_blank\" rel=\"noopener\">01_Estado de Actividades<\/a><\/td>\n<\/tr>\n<tr style=\"height: 23px;\">\n<td style=\"height: 23px; width: 1.18624%;\">\u00a0<\/td>\n<td style=\"height: 23px; width: 98.2185%;\"><a href=\"https:\/\/app.box.com\/s\/zwbevb6nt5v0m3qy7vf4jwxpc3axd0k6\" target=\"_blank\" rel=\"noopener\">02_Estado de Situaci\u00f3n Financiera<\/a><\/td>\n<\/tr>\n<tr style=\"height: 23px;\">\n<td style=\"height: 23px; width: 1.18624%;\">\u00a0<\/td>\n<td style=\"height: 23px; width: 98.2185%;\"><a href=\"https:\/\/app.box.com\/s\/15dwydd2gfhbi4p08cx3c02brk4z6195\" target=\"_blank\" rel=\"noopener\">03_Estado de Variaci\u00f3n en la Hacienda P\u00fablica<\/a><\/td>\n<\/tr>\n<tr style=\"height: 23px;\">\n<td style=\"height: 23px; width: 1.18624%;\">\u00a0<\/td>\n<td style=\"height: 23px; width: 98.2185%;\"><a href=\"https:\/\/app.box.com\/s\/uma6yv3ra8d8j1ohq3t0d2harl7gjg3m\" target=\"_blank\" rel=\"noopener\">04_Estado de Cambios en la Situaci\u00f3n Financiera<\/a><\/td>\n<\/tr>\n<tr style=\"height: 23px;\">\n<td style=\"height: 23px; width: 1.18624%;\">\u00a0<\/td>\n<td style=\"height: 23px; width: 98.2185%;\"><a href=\"https:\/\/app.box.com\/s\/3ppqiammjpzi6i3knmjcptjo8r9m4a3l\" target=\"_blank\" rel=\"noopener\">05_Estado de Flujos de Efectivo<\/a><\/td>\n<\/tr>\n<tr style=\"height: 23px;\">\n<td style=\"height: 23px; width: 1.18624%;\">\u00a0<\/td>\n<td style=\"height: 23px; width: 98.2185%;\"><a href=\"https:\/\/app.box.com\/s\/89g6o3bzxx05b69d2k5o9tvweolu998y\" target=\"_blank\" rel=\"noopener\">06 Informe sobre pasivos<\/a><\/td>\n<\/tr>\n<tr style=\"height: 23px;\">\n<td style=\"height: 23px; width: 1.18624%;\">\u00a0<\/td>\n<td style=\"height: 23px; width: 98.2185%;\">\n<div id=\"edit-filelist\" class=\"dispfile dispfileContainer\"><a href=\"https:\/\/app.box.com\/s\/li9kfzsbilllsph4cs4gavgsk7x0u756\" target=\"_blank\" rel=\"noopener\">07_Notas de Desglose<\/a><\/div>\n<\/td>\n<\/tr>\n<tr style=\"height: 23px;\">\n<td style=\"height: 23px; width: 1.18624%;\">\u00a0<\/td>\n<td style=\"height: 23px; width: 98.2185%;\">\n<div id=\"edit-filelist\" class=\"dispfile dispfileContainer\"><a href=\"https:\/\/app.box.com\/s\/kfix4o0k6pxjj1tppbhs73ir7dds6ogi\" target=\"_blank\" rel=\"noopener\">08_Notas de Memoria (Cuentas de Orden)<\/a><\/div>\n<\/td>\n<\/tr>\n<tr style=\"height: 23px;\">\n<td style=\"height: 23px; width: 1.18624%;\">\u00a0<\/td>\n<td style=\"height: 23px; width: 98.2185%;\"><a href=\"https:\/\/app.box.com\/s\/ikdxw72rfse0k6uxnhivtaghuhcbsbwf\" target=\"_blank\" rel=\"noopener\">09_Notas de Gesti\u00f3n Administrativa<\/a><\/td>\n<\/tr>\n<tr style=\"height: 23px;\">\n<td style=\"height: 23px; width: 1.18624%;\">\u00a0<\/td>\n<td style=\"height: 23px; width: 98.2185%;\"><a href=\"https:\/\/app.box.com\/s\/9zdgd1nkw8o5znicl05l1l4wih91a34n\" target=\"_blank\" rel=\"noopener\">10_Estado Anal\u00edtico del Activo<\/a><\/td>\n<\/tr>\n<tr style=\"height: 23px;\">\n<td style=\"height: 23px; width: 1.18624%;\">\u00a0<\/td>\n<td style=\"height: 23px; width: 98.2185%;\"><a href=\"https:\/\/app.box.com\/s\/56ypll13exxyuxir1mxwmc6x00jwfk7n\" target=\"_blank\" rel=\"noopener\">11_Estado Anal\u00edtico de la Deuda y Otros Pasivos<\/a><\/td>\n<\/tr>\n<tr style=\"height: 23px;\">\n<td style=\"height: 23px; width: 1.18624%;\">\u00a0<\/td>\n<td style=\"height: 23px; width: 98.2185%;\"><a href=\"https:\/\/app.box.com\/s\/vag8276ra80eqc0oji952fmzwcrf0n9a\" target=\"_blank\" rel=\"noopener\">13_Estado Anal\u00edtico de Ingresos (Rubro de Ingresos)<\/a><\/td>\n<\/tr>\n<tr style=\"height: 23px;\">\n<td style=\"height: 23px; width: 1.18624%;\">\u00a0<\/td>\n<td style=\"height: 23px; width: 98.2185%;\"><a href=\"https:\/\/app.box.com\/s\/po8p3rr8hpns0uoma4y2bvh6zep3mbop\" target=\"_blank\" rel=\"noopener\">14_Estado Anal\u00edtico de Ingresos por Fuente de Financiamiento<\/a><\/td>\n<\/tr>\n<tr style=\"height: 23px;\">\n<td style=\"height: 23px; width: 1.18624%;\">\u00a0<\/td>\n<td style=\"height: 23px; width: 98.2185%;\"><a href=\"https:\/\/app.box.com\/s\/7ij7k4qf7ouwkvo4u53qpvc4b2fpzmdo\" target=\"_blank\" rel=\"noopener\">15_Estado Anal\u00edtico de Ingresos por Clasificaci\u00f3n Econ\u00f3mica<\/a><\/td>\n<\/tr>\n<tr style=\"height: 23px;\">\n<td style=\"height: 23px; width: 1.18624%;\">\u00a0<\/td>\n<td style=\"height: 23px; width: 98.2185%;\"><a href=\"https:\/\/app.box.com\/s\/lru5sfxs2b1mcpaamy8j6fv8bjmkrq4i\" target=\"_blank\" rel=\"noopener\">16_EAEPE \u2013 Clasificaci\u00f3n Administrativa por Dependencia<\/a><\/td>\n<\/tr>\n<tr style=\"height: 23px;\">\n<td style=\"height: 23px; width: 1.18624%;\">\u00a0<\/td>\n<td style=\"height: 23px; width: 98.2185%;\"><a href=\"https:\/\/app.box.com\/s\/cas6k2nrwkqtw7z8drgee0tb05nv0e19\" target=\"_blank\" rel=\"noopener\">19_EAEPE \u2013 Clasificaci\u00f3n Econ\u00f3mica (por Tipo de Gasto)<\/a><\/td>\n<\/tr>\n<tr style=\"height: 23px;\">\n<td style=\"height: 23px; width: 1.18624%;\">\u00a0<\/td>\n<td style=\"height: 23px; width: 98.2185%;\"><a href=\"https:\/\/app.box.com\/s\/dr8qqt0ktvla91uqx6rfx5tzfkxzlf2q\" target=\"_blank\" rel=\"noopener\">20_EAEPE \u2013 Clasificaci\u00f3n por Objeto del Gasto (Cap\u00edtulo y Concepto)<\/a><\/td>\n<\/tr>\n<tr style=\"height: 23px;\">\n<td style=\"height: 23px; width: 1.18624%;\">\u00a0<\/td>\n<td style=\"height: 23px; width: 98.2185%;\"><a href=\"https:\/\/app.box.com\/s\/zsm2anf6x7l4h1g8dkfsb685l59bbm1z\" target=\"_blank\" rel=\"noopener\">21_EAEPE \u2013 Clasificaci\u00f3n Funcional (Finalidad y Funci\u00f3n)<\/a><\/td>\n<\/tr>\n<tr style=\"height: 23px;\">\n<td style=\"height: 23px; width: 1.18624%;\">\u00a0<\/td>\n<td style=\"height: 23px; width: 98.2185%;\"><a href=\"https:\/\/app.box.com\/s\/gzq0qn2urfuyogu586vgfmbhiizmr92u\" target=\"_blank\" rel=\"noopener\">22_Endeudamiento Neto<\/a><\/td>\n<\/tr>\n<tr style=\"height: 23px;\">\n<td style=\"height: 23px; width: 1.18624%;\">\u00a0<\/td>\n<td style=\"height: 23px; width: 98.2185%;\"><a href=\"https:\/\/app.box.com\/s\/3813fo4me53nd8qnhlrrtozley5r63zk\" target=\"_blank\" rel=\"noopener\">23_Intereses de la Deuda<\/a><\/td>\n<\/tr>\n<tr style=\"height: 23px;\">\n<td style=\"height: 23px; width: 1.18624%;\">\u00a0<\/td>\n<td style=\"height: 23px; width: 98.2185%;\"><a href=\"https:\/\/app.box.com\/s\/nikpofqchdvh3u8xdcdzsec45m7rttrq\" target=\"_blank\" rel=\"noopener\">24_Flujo de Fondos<\/a><\/td>\n<\/tr>\n<tr style=\"height: 23px;\">\n<td style=\"height: 23px; width: 1.18624%;\">\u00a0<\/td>\n<td style=\"height: 23px; width: 98.2185%;\"><a href=\"https:\/\/app.box.com\/s\/y3vqzae1gyxa9jpxm3rxjw6ck48s47hr\" target=\"_blank\" rel=\"noopener\">25_Gasto por Categor\u00eda Program\u00e1tica<\/a><\/td>\n<\/tr>\n<tr style=\"height: 23px;\">\n<td style=\"width: 1.18624%; height: 23px;\">\u00a0<\/td>\n<td style=\"width: 98.2185%; height: 23px;\"><a href=\"https:\/\/app.box.com\/s\/1yc5c1pchqka7d14owpdl67jpaz5uq9g\" target=\"_blank\" rel=\"noopener\">28_Relaci\u00f3n de Bienes Muebles<\/a><\/td>\n<\/tr>\n<tr style=\"height: 23px;\">\n<td style=\"width: 1.18624%; height: 23px;\">\u00a0<\/td>\n<td style=\"width: 98.2185%; height: 23px;\"><a href=\"https:\/\/app.box.com\/s\/7o3dimxu04ron7ic1pmke7zd5a9cmsmw\" target=\"_blank\" rel=\"noopener\">29_Relaci\u00f3n de Bienes Inmuebles<\/a><\/td>\n<\/tr>\n<tr style=\"height: 23px;\">\n<td style=\"width: 1.18624%; height: 23px;\">\u00a0<\/td>\n<td style=\"width: 98.2185%; height: 23px;\"><a href=\"https:\/\/app.box.com\/s\/os6e79g4r5twu5kja9b1zxecz1g8wv7s\" target=\"_blank\" rel=\"noopener\">36_Estado de Situaci\u00f3n Financiera Detallado \u2013 LDF<\/a><\/td>\n<\/tr>\n<tr style=\"height: 23px;\">\n<td style=\"width: 1.18624%; height: 23px;\">\u00a0<\/td>\n<td style=\"width: 98.2185%; height: 23px;\"><a href=\"https:\/\/app.box.com\/s\/3xm2jd3l52syshj3tovtl18w7o0w6v1u\" target=\"_blank\" rel=\"noopener\">37_Informe Anal\u00edtico de la Deuda P\u00fablica y Otros Pasivos \u2013 LDF<\/a><\/td>\n<\/tr>\n<tr style=\"height: 23px;\">\n<td style=\"width: 1.18624%; height: 23px;\">\u00a0<\/td>\n<td style=\"width: 98.2185%; height: 23px;\"><a href=\"https:\/\/app.box.com\/s\/yw1rarlxz7m5fn3hqvdbood6gltmc7d0\" target=\"_blank\" rel=\"noopener\">38 Inf. Analit 1er trim<\/a><\/td>\n<\/tr>\n<tr style=\"height: 23px;\">\n<td style=\"width: 1.18624%; height: 23px;\">\u00a0<\/td>\n<td style=\"width: 98.2185%; height: 23px;\"><a href=\"https:\/\/app.box.com\/s\/4165xc1l9biv59sk0u0es76djkppi7r8\" target=\"_blank\" rel=\"noopener\">39_Balance Presupuestario \u2013 LDF<\/a><\/td>\n<\/tr>\n<tr style=\"height: 23px;\">\n<td style=\"width: 1.18624%; height: 23px;\">\u00a0<\/td>\n<td style=\"width: 98.2185%; height: 23px;\"><a href=\"https:\/\/app.box.com\/s\/7kaymrm0e3aj631c96r01j64r03f8atb\" target=\"_blank\" rel=\"noopener\">40_Estado Anal\u00edtico de Ingresos Detallado \u2013 LDF<\/a><\/td>\n<\/tr>\n<tr style=\"height: 23px;\">\n<td style=\"width: 1.18624%; height: 23px;\">\u00a0<\/td>\n<td style=\"width: 98.2185%; height: 23px;\"><a href=\"https:\/\/app.box.com\/s\/eit6g7ciiwgurku4lywnjepjdl1ugaqp\" target=\"_blank\" rel=\"noopener\">41_Estado Anal\u00edtico Ejercicio Presupuesto Egresos Detallado \u2013 COG<\/a><\/td>\n<\/tr>\n<tr style=\"height: 23px;\">\n<td style=\"width: 1.18624%; height: 23px;\">\u00a0<\/td>\n<td style=\"width: 98.2185%; height: 23px;\"><a href=\"https:\/\/app.box.com\/s\/9as7t5utd9f12wpdw4ie9fbarrmczeay\" target=\"_blank\" rel=\"noopener\">42_Estado Anal\u00edtico Ejercio Presupuesto Egresos Detallado \u2013 CA<\/a><\/td>\n<\/tr>\n<tr style=\"height: 23px;\">\n<td style=\"width: 1.18624%; height: 23px;\">\u00a0<\/td>\n<td style=\"width: 98.2185%; height: 23px;\"><a href=\"https:\/\/app.box.com\/s\/1p5tceyqxt0if9nfiyh6639ixf1hsvbr\" target=\"_blank\" rel=\"noopener\">43_Estado Anal\u00edtico Ejercio Presupuesto Egresos Detallado \u2013 CF<\/a><\/td>\n<\/tr>\n<tr style=\"height: 23px;\">\n<td style=\"width: 1.18624%; height: 23px;\">\u00a0<\/td>\n<td style=\"width: 98.2185%; height: 23px;\"><a href=\"https:\/\/app.box.com\/s\/p2z33y0863515kokjsa9j0th5xxv969t\" target=\"_blank\" rel=\"noopener\">44_Estado Anal\u00edtico Ejercio Presupuesto Egresos Detallado \u2013 SP<\/a><\/td>\n<\/tr>\n<tr style=\"height: 23px;\">\n<td style=\"width: 1.18624%; height: 23px;\">\u00a0<\/td>\n<td style=\"width: 98.2185%; height: 23px;\"><a href=\"https:\/\/app.box.com\/s\/y4pylgb933a0lhu231wb4bgbdjhlzger\" target=\"_blank\" rel=\"noopener\">48 Recaudaci\u00f3n de Derechos por Suministro de Agua<\/a><\/td>\n<\/tr>\n<tr style=\"height: 23px;\">\n<td style=\"width: 1.18624%; height: 23px;\">\u00a0<\/td>\n<td style=\"width: 98.2185%; height: 23px;\"><a href=\"https:\/\/app.box.com\/s\/tetu588um3ciiuny0d2o3su0hrw48ekk\" target=\"_blank\" rel=\"noopener\">BALANZA COMPROBACION 1ER TRIM<\/a><\/td>\n<\/tr>\n<tr style=\"height: 23px;\">\n<td style=\"width: 1.18624%; height: 23px;\">\u00a0<\/td>\n<td style=\"width: 98.2185%; height: 23px;\"><a href=\"https:\/\/app.box.com\/s\/mzbsqfzulymm0q98r2hbwv98jluw6req\" target=\"_blank\" rel=\"noopener\">Formato \u00danico Obras y Adquisiciones<\/a><\/td>\n<\/tr>\n<tr style=\"height: 23px;\">\n<td style=\"width: 1.18624%; height: 23px;\">\u00a0<\/td>\n<td style=\"width: 98.2185%; height: 23px;\"><a href=\"https:\/\/app.box.com\/s\/vn5fejpqh671pwohx2zpb0px6dl7rhn6\" target=\"_blank\" rel=\"noopener\">Oficio Presentaci\u00f3n<\/a><\/td>\n<\/tr>\n<tr style=\"height: 23px;\">\n<td style=\"width: 1.18624%; height: 23px;\">\u00a0<\/td>\n<td style=\"width: 98.2185%; height: 23px;\"><a href=\"https:\/\/app.box.com\/s\/1vc6fxbnzge7scfehx4pbj9o6nzc4aeq\" target=\"_blank\" rel=\"noopener\">rptLibroMayor<\/a><\/td>\n<\/tr>\n<tr style=\"height: 23px;\">\n<td style=\"width: 1.18624%; height: 23px;\">\u00a0<\/td>\n<td style=\"width: 98.2185%; height: 23px;\"><a href=\"https:\/\/app.box.com\/s\/dwny1v4rsizlayl7xvzct8f75ll14d7s\" target=\"_blank\" rel=\"noopener\">Ayudas sociales 2024<\/a><\/td>\n<\/tr>\n<tr style=\"height: 23px;\">\n<td style=\"width: 1.18624%; height: 23px;\">\u00a0<\/td>\n<td style=\"width: 98.2185%; height: 23px;\"><a href=\"https:\/\/app.box.com\/s\/0lh2x4qsciddybkzlj032rttn6svd4w1\" target=\"_blank\" rel=\"noopener\">Indicadores de Resultados 2024<\/a><\/td>\n<\/tr>\n<tr style=\"height: 23px;\">\n<td style=\"width: 1.18624%; height: 23px;\">\u00a0<\/td>\n<td style=\"width: 98.2185%; height: 23px;\"><a href=\"https:\/\/app.box.com\/s\/1p7ujhaorv3a8hos7n1cdui0t1ykro3z\" target=\"_blank\" rel=\"noopener\">Auxiliar Apoyos<\/a><\/td>\n<\/tr>\n<tr style=\"height: 23px;\">\n<td style=\"width: 1.18624%; height: 23px;\">\u00a0<\/td>\n<td style=\"width: 98.2185%; height: 23px;\"><a href=\"https:\/\/app.box.com\/s\/6bs3392aq069mx0lyvubtr0iuxev062n\" target=\"_blank\" rel=\"noopener\">Auxiliar inversiones<\/a><\/td>\n<\/tr>\n<\/tbody>\n<\/table>\n<p>\u00a0<\/p>\n<\/address>\n<p>\u00a0<\/p>\n\n\n","protected":false},"excerpt":{"rendered":"<p>\u00a0 AUDITORIA SUPERIOR (SEvAC) 1er. Trimestre 2024 \u00a0 01_Estado de Actividades \u00a0 02_Estado de Situaci\u00f3n Financiera \u00a0 03_Estado de Variaci\u00f3n en la Hacienda P\u00fablica \u00a0 04_Estado de Cambios en la Situaci\u00f3n Financiera \u00a0 05_Estado de Flujos de Efectivo \u00a0 06 Informe sobre pasivos \u00a0 07_Notas de Desglose \u00a0 08_Notas de Memoria (Cuentas de Orden) \u00a0 [&hellip;]<\/p>\n","protected":false},"author":1,"featured_media":0,"parent":0,"menu_order":0,"comment_status":"closed","ping_status":"closed","template":"","meta":[],"_links":{"self":[{"href":"https:\/\/www.jmasojinaga.gob.mx\/principal\/wp-json\/wp\/v2\/pages\/2056"}],"collection":[{"href":"https:\/\/www.jmasojinaga.gob.mx\/principal\/wp-json\/wp\/v2\/pages"}],"about":[{"href":"https:\/\/www.jmasojinaga.gob.mx\/principal\/wp-json\/wp\/v2\/types\/page"}],"author":[{"embeddable":true,"href":"https:\/\/www.jmasojinaga.gob.mx\/principal\/wp-json\/wp\/v2\/users\/1"}],"replies":[{"embeddable":true,"href":"https:\/\/www.jmasojinaga.gob.mx\/principal\/wp-json\/wp\/v2\/comments?post=2056"}],"version-history":[{"count":25,"href":"https:\/\/www.jmasojinaga.gob.mx\/principal\/wp-json\/wp\/v2\/pages\/2056\/revisions"}],"predecessor-version":[{"id":2094,"href":"https:\/\/www.jmasojinaga.gob.mx\/principal\/wp-json\/wp\/v2\/pages\/2056\/revisions\/2094"}],"wp:attachment":[{"href":"https:\/\/www.jmasojinaga.gob.mx\/principal\/wp-json\/wp\/v2\/media?parent=2056"}],"curies":[{"name":"wp","href":"https:\/\/api.w.org\/{rel}","templated":true}]}}